{"id":921,"date":"2020-02-11T18:58:41","date_gmt":"2020-02-11T17:58:41","guid":{"rendered":"https:\/\/2020.vrsac.wordcamp.org\/?page_id=921"},"modified":"2020-02-24T16:19:25","modified_gmt":"2020-02-24T15:19:25","slug":"wordpress-vrednosti","status":"publish","type":"page","link":"https:\/\/vrsac.wordcamp.org\/2020\/pocetna\/wordpress-vrednosti\/","title":{"rendered":"WordPress vrednosti"},"content":{"rendered":"\n<p class=\"wp-block-paragraph\">WordPress je od svog lansiranja 2003. godine postao globalni fenomen i promenio lice interneta. Napravljen je i osmi\u0161ljen tako da bude jednostavan za kori\u0161\u0107enje i pristupa\u010dan svima. \u010cak i sa najni\u017eim nivoom znanja mo\u017eete napraviti osnovni veb-sajt, a ekspertima su na raspolaganju neslu\u0107ene mogu\u0107nosti. Stoga nije \u010dudo \u0161to pokre\u0107e 35% sajtova na internetu.<\/p>\n\n\n\n<p class=\"wp-block-paragraph\">Uz to WordPress je potpuno besplatan. Mo\u017eete ga preuzeti i koristiti, deliti sa drugima, menjati i prilago\u0111avati. \u010citava zajednica izgra\u0111ena je oko vrednosti slobode i me\u0111usobne pomo\u0107i. Svaki va\u0161 problem brzo \u0107e biti re\u0161en &#8211; neko iz zajednice rado \u0107e sa vama podeliti svoje znanje i iskustva.<\/p>\n\n\n\n<p class=\"wp-block-paragraph\">Da bi se znanje \u0161to efikasnije \u0161irilo, \u0161irom sveta organizuju se edukativni doga\u0111aji. Tu su mitapi, radionice i, kao kruna svega &#8211; WordCampovi. Svi uklju\u010deni u njih rade to volonterski: organizatori ula\u017eu svoje vreme i trud besplatno, a predava\u010di ne dobijaju honorare i sami pokrivaju svoje tro\u0161kove. Do kraja 2019. godine odr\u017eana su 1063 kampa u 76 gradova \u0161irom sveta. Vr\u0161ac \u0107e biti 77. grad!<\/p>\n\n\n\n<p class=\"wp-block-paragraph\">Predava\u010di va\u017ee za eksperte u svojim oblastima, kredibilitet im je neosporan i dobijaju ponude da svoje znanje materijalizuju kroz uspe\u0161ne poslovne saradnje.<\/p>\n\n\n\n<p class=\"wp-block-paragraph\">Sponzori ovih doga\u0111aja veoma su cenjeni u zajednici, prepoznati su kao vizionari, dru\u0161tveno odgovorne kompanije sa visokim eti\u010dkim vrednostima i pokreta\u010di globalnog progresa. <\/p>\n\n\n\n<p class=\"wp-block-paragraph\">O veli\u010dini zajednice najbolje govori podatak da je najnovija verzija WordPressa preuzeta preko 7 miliona puta! Uticaj svih koji joj doprinose je dalekose\u017ean i veoma zna\u010dajan. Zato, postanite i vi deo WordCamp Vr\u0161ac!<\/p>\n\n\n\n<hr class=\"wp-block-separator is-style-wide\" \/>\n\n\n\n<div class=\"wp-block-columns frontpage_icons wpvrednosti\">\n\n<div class=\"wp-block-column homepage-widget\">\n<a href=\"https:\/\/2020.vrsac.wordcamp.org\/poziv-za-predavace\/\" rel=\"noopener noreferrer\"><div class=\"wp-block-image\"><figure class=\"aligncenter size-large\"><img loading=\"lazy\" decoding=\"async\" src=\"https:\/\/2020.vrsac.wordcamp.org\/files\/2020\/02\/predavaci-385x385-1.png?w=644&amp;ssl=1\" alt=\"\" class=\"wp-image-749\" width=\"120\" height=\"120\"><\/figure><\/div>\n\n<h6 class=\"home-widget-title\">Budite<br>predava\u010d<\/h6><\/a>\n\n<p>Ako imate \u0161ta da ispri\u010date, WCV\u0160 je pravo mesto<\/p>\n<\/div>\n\n<div class=\"wp-block-column homepage-widget\">\n<a href=\"https:\/\/2020.vrsac.wordcamp.org\/poziv-za-sponzore\/\" rel=\"noopener noreferrer\"><div class=\"wp-block-image call-for-sponsor\"><figure class=\"aligncenter size-large\"><img loading=\"lazy\" decoding=\"async\" src=\"https:\/\/2020.vrsac.wordcamp.org\/files\/2020\/02\/sponzori-385x385-1.png?w=644&amp;ssl=1\" alt=\"\" class=\"wp-image-751\" width=\"120\" height=\"120\"><\/figure><\/div>\n\t\n<h6 class=\"home-widget-title\">Budite<br>sponzor<\/h6><\/a>\n\n<p>Predstavite svoju kompaniju pred pravom publikom<\/p>\n<\/div>\n\n<div class=\"wp-block-column homepage-widget\">\n<a href=\"https:\/\/2020.vrsac.wordcamp.org\/pocetna\/ulaznice\/\" rel=\"noopener noreferrer\"><div class=\"wp-block-image\"><figure class=\"aligncenter size-large\"><img loading=\"lazy\" decoding=\"async\" src=\"https:\/\/2020.vrsac.wordcamp.org\/files\/2020\/02\/ulaznice-385x385-2.png?w=644&amp;ssl=1\" alt=\"\" class=\"wp-image-753\" width=\"120\" height=\"120\"><\/figure><\/div>\n\n<h6 class=\"home-widget-title\">Budite<br>u\u010desnik<\/h6><\/a>\n\n<p>Poklonite sebi vikend u\u010denja, dru\u017eenja i u\u017eivanja<\/p>\n<\/div>\n\n<\/div>\n\n\n\n<div class=\"wp-block-columns hide is-layout-flex wp-container-core-columns-is-layout-8f761849 wp-block-columns-is-layout-flex\">\n<div class=\"wp-block-column is-layout-flow wp-block-column-is-layout-flow\">\n<div class=\"wp-block-image\"><figure class=\"aligncenter size-large is-resized\"><a href=\"https:\/\/2020.vrsac.wordcamp.org\/poziv-za-predavace\/\"><img loading=\"lazy\" decoding=\"async\" src=\"https:\/\/2020.vrsac.wordcamp.org\/files\/2020\/02\/predavaci-385x385-1.png\" alt=\"\" class=\"wp-image-850\" width=\"193\" height=\"193\" srcset=\"https:\/\/vrsac.wordcamp.org\/2020\/files\/2020\/02\/predavaci-385x385-1.png 385w, https:\/\/vrsac.wordcamp.org\/2020\/files\/2020\/02\/predavaci-385x385-1-300x300.png 300w, https:\/\/vrsac.wordcamp.org\/2020\/files\/2020\/02\/predavaci-385x385-1-150x150.png 150w\" sizes=\"auto, (max-width: 193px) 100vw, 193px\" \/><\/a><\/figure><\/div>\n\n\n\n<p class=\"has-text-align-center wp-block-paragraph\"><a href=\"https:\/\/2020.vrsac.wordcamp.org\/poziv-za-predavace\/\"><span style=\"text-decoration: underline\">Budite predava\u010d<\/span><\/a><\/p>\n<\/div>\n\n\n\n<div class=\"wp-block-column is-layout-flow wp-block-column-is-layout-flow\">\n<div class=\"wp-block-image\"><figure class=\"aligncenter size-large is-resized\"><a href=\"https:\/\/2020.vrsac.wordcamp.org\/poziv-za-sponzore\/\"><img loading=\"lazy\" decoding=\"async\" src=\"https:\/\/2020.vrsac.wordcamp.org\/files\/2020\/02\/sponzori-385x385-1.png\" alt=\"\" class=\"wp-image-852\" width=\"193\" height=\"193\" srcset=\"https:\/\/vrsac.wordcamp.org\/2020\/files\/2020\/02\/sponzori-385x385-1.png 385w, https:\/\/vrsac.wordcamp.org\/2020\/files\/2020\/02\/sponzori-385x385-1-300x300.png 300w, https:\/\/vrsac.wordcamp.org\/2020\/files\/2020\/02\/sponzori-385x385-1-150x150.png 150w\" sizes=\"auto, (max-width: 193px) 100vw, 193px\" \/><\/a><\/figure><\/div>\n\n\n\n<p class=\"has-text-align-center wp-block-paragraph\"><a href=\"https:\/\/2020.vrsac.wordcamp.org\/poziv-za-sponzore\/\">Budite sponzor<\/a><\/p>\n<\/div>\n\n\n\n<div class=\"wp-block-column is-layout-flow wp-block-column-is-layout-flow\">\n<div class=\"wp-block-image\"><figure class=\"aligncenter size-large is-resized\"><a href=\"https:\/\/2020.vrsac.wordcamp.org\/pocetna\/ulaznice\/\"><img loading=\"lazy\" decoding=\"async\" src=\"https:\/\/2020.vrsac.wordcamp.org\/files\/2020\/02\/ulaznice-385x385-2.png\" alt=\"\" class=\"wp-image-851\" width=\"193\" height=\"193\" srcset=\"https:\/\/vrsac.wordcamp.org\/2020\/files\/2020\/02\/ulaznice-385x385-2.png 385w, https:\/\/vrsac.wordcamp.org\/2020\/files\/2020\/02\/ulaznice-385x385-2-300x300.png 300w, https:\/\/vrsac.wordcamp.org\/2020\/files\/2020\/02\/ulaznice-385x385-2-150x150.png 150w\" sizes=\"auto, (max-width: 193px) 100vw, 193px\" \/><\/a><\/figure><\/div>\n\n\n\n<p class=\"has-text-align-center wp-block-paragraph\"><a href=\"https:\/\/2020.vrsac.wordcamp.org\/pocetna\/ulaznice\/\">Budite u\u010desnik<\/a><\/p>\n<\/div>\n<\/div>\n\n\n\n<p class=\"wp-block-paragraph\"><\/p>\n","protected":false},"excerpt":{"rendered":"<p>WordPress je od svog lansiranja 2003. godine postao globalni fenomen i promenio lice interneta. Napravljen je i osmi\u0161ljen tako da bude jednostavan za kori\u0161\u0107enje i pristupa\u010dan svima. \u010cak i sa najni\u017eim nivoom znanja mo\u017eete napraviti osnovni veb-sajt, a ekspertima su na raspolaganju neslu\u0107ene mogu\u0107nosti. Stoga nije \u010dudo \u0161to pokre\u0107e 35% sajtova na internetu. Uz to &hellip; <a href=\"https:\/\/vrsac.wordcamp.org\/2020\/pocetna\/wordpress-vrednosti\/\" class=\"more-link\">Continue reading<span class=\"screen-reader-text\"> &#8220;WordPress vrednosti&#8221;<\/span><\/a><\/p>\n","protected":false},"author":12870137,"featured_media":0,"parent":206,"menu_order":0,"comment_status":"closed","ping_status":"closed","template":"","meta":{"_crdt_document":"","jetpack_post_was_ever_published":false,"footnotes":""},"class_list":["post-921","page","type-page","status-publish","hentry"],"jetpack_sharing_enabled":true,"_links":{"self":[{"href":"https:\/\/vrsac.wordcamp.org\/2020\/wp-json\/wp\/v2\/pages\/921","targetHints":{"allow":["GET"]}}],"collection":[{"href":"https:\/\/vrsac.wordcamp.org\/2020\/wp-json\/wp\/v2\/pages"}],"about":[{"href":"https:\/\/vrsac.wordcamp.org\/2020\/wp-json\/wp\/v2\/types\/page"}],"author":[{"embeddable":true,"href":"https:\/\/vrsac.wordcamp.org\/2020\/wp-json\/wp\/v2\/users\/12870137"}],"replies":[{"embeddable":true,"href":"https:\/\/vrsac.wordcamp.org\/2020\/wp-json\/wp\/v2\/comments?post=921"}],"version-history":[{"count":7,"href":"https:\/\/vrsac.wordcamp.org\/2020\/wp-json\/wp\/v2\/pages\/921\/revisions"}],"predecessor-version":[{"id":2501,"href":"https:\/\/vrsac.wordcamp.org\/2020\/wp-json\/wp\/v2\/pages\/921\/revisions\/2501"}],"up":[{"embeddable":true,"href":"https:\/\/vrsac.wordcamp.org\/2020\/wp-json\/wp\/v2\/pages\/206"}],"wp:attachment":[{"href":"https:\/\/vrsac.wordcamp.org\/2020\/wp-json\/wp\/v2\/media?parent=921"}],"curies":[{"name":"wp","href":"https:\/\/api.w.org\/{rel}","templated":true}]}}